rue
Is 26054194643 a composite number?
True
Is 851296001 a prime number?
False
Is 78872107 composite?
True
Is 36109288241 a composite number?
True
Is 7328761283 a composite number?
False
Is 6663945361 a composite number?
False
Is 79825393 a composite number?
True
Is 24722985667 prime?
False
Is 313466147 a prime number?
False
Is 54561306769 prime?
True
Is 41602999 a composite number?
True
Is 10125691689 a composite number?
True
Is 14215271003 prime?
False
Is 1058773897 composite?
False
Is 504457077 a composite number?
True
Is 2065273059 composite?
True
Is 91004504861 composite?
True
Is 1281658039 a prime number?
False
Is 16438416851 prime?
True
Is 3295295347 a prime number?
True
Is 2924181571 a prime number?
True
Is 16083360541 prime?
False
Is 1422155191 a composite number?
True
Is 17572206271 a composite number?
False
Is 1656607343 prime?
False
Is 2547167167 prime?
True
Is 38685547897 a prime number?
True
Is 13454370341 prime?
False
Is 3135761183 a prime number?
True
Is 6975440591 composite?
True
Is 2557488937 prime?
True
Is 1127248289 a composite number?
False
Is 17616471749 composite?
False
Is 72480293429 composite?
False
Is 20126269399 a prime number?
False
Is 5937965777 prime?
False
Is 5855233063 prime?
False
Is 178341026078 a prime number?
False
Is 2415039961 a prime number?
False
Is 41406932059 a composite number?
False
Is 158489519 composite?
True
Is 67982207 a composite number?
False
Is 398756741 composite?
True
Is 628557533 a composite number?
True
Is 957688813 prime?
False
Is 846779423 a prime number?
False
Is 7514447245 a composite number?
True
Is 789400699 prime?
True
Is 52868107 prime?
True
Is 120563867 a composite number?
True
Is 209001547 a prime number?
False
Is 116880186251 a prime number?
True
Is 67701360379 a composite number?
True
Is 63297571 a composite number?
True
Is 20444551 a prime number?
False
Is 682797979 composite?
True
Is 601698161 a prime number?
False
Is 46216616477 a prime number?
True
Is 12083985601 prime?
True
Is 2570177 a prime number?
True
Is 129575506946 prime?
False
Is 4291345031 composite?
False
Is 851907469 prime?
False
Is 37013890219 prime?
False
Is 5966511295 prime?
False
Is 188617907 prime?
False
Is 71758901 a composite number?
True
Is 2356377373 a composite number?
True
Is 317756093 prime?
True
Is 17396490599 a composite number?
False
Is 21284033273 a prime number?
False
Is 43969326789 prime?
False
Is 57263139191 a prime number?
True
Is 24817215322 a prime number?
False
Is 190212284177 composite?
False
Is 13653509413 composite?
True
Is 14667517 a prime number?
True
Is 2174457691 composite?
True
Is 26880028867 prime?
True
Is 353967187 composite?
True
Is 1252247561 a composite number?
False
Is 4831070561 prime?
True
Is 5320387147 composite?
True
Is 35019447163 a composite number?
False
Is 74960439 prime?
False
Is 28034341 prime?
False
Is 186015968669 a prime number?
True
Is 4411681499 composite?
False
Is 3050172371 prime?
True
Is 12566066281 composite?
True
Is 81783986233 prime?
True
Is 36232593119 a prime number?
False
Is 188187317 composite?
False
Is 18816989497 composite?
False
Is 53606409023 a composite number?
False
Is 87873257 prime?
True
Is 60731933179 prime?
False
Is 1778360923 a composite number?
False
Is 234236063 prime?
False
Is 394120345 composite?
True
Is 4608200893 prime?
False
Is 534848789 composite?
False
Is 231670451 prime?
True
Is 15931667 composite?
False
Is 8616131411 a prime number?
False
Is 2693724109 a composite number?
False
Is 144331021 prime?
True
Is 9354003441 a prime number?
False
Is 1013985433 a composite number?
True
Is 104742601 a prime number?
True
Is 94628150465 a composite number?
True
Is 1328454931 a composite number?
True
Is 37453060343 composite?
False
Is 9235306777 composite?
True
Is 2427253027 prime?
True
Is 38782007 a prime number?
False
Is 63436923581 prime?
True
Is 86879171623 a prime number?
True
Is 8864389 a composite number?
True
Is 2532047813 a composite number?
True
Is 449544371 prime?
False
Is 73623223 a composite number?
False
Is 3253386021 composite?
True
Is 3071535133 prime?
False
Is 310181849 prime?
False
Is 12160059203 a composite number?
False
Is 8634787517 composite?
False
Is 1706676551 a composite number?
False
Is 4055949631 prime?
False
Is 3770238089 a prime number?
True
Is 626653943 a composite number?
False
Is 1368928829 a prime number?
True
Is 1167799993 a composite number?
False
Is 10061091701 composite?
True
Is 43883149127 composite?
False
Is 3619748147 a prime number?
False
Is 80763382331 prime?
False
Is 48147558203 composite?
True
Is 12339170027 a composite number?
True
Is 10377632911 composite?
False
Is 3757818661 a composite number?
False
Is 5657382691 prime?
True
Is 79064449129 composite?
False
Is 14771891 a composite number?
False
Is 17082450529 prime?
False
Is 11067726191 a prime number?
True
Is 621875363 a composite number?
False
Is 79974571949 prime?
False
Is 830854993 composite?
True
Is 921131921 prime?
True
Is 16042093901 prime?
False
Is 7536324451 composite?
True
Is 148014017 composite?
True
Is 2787648139 composite?
True
Is 921628657 a prime number?
True
Is 5988673129 composite?
False
Is 701880541 a composite number?
True
Is 451726591 composite?
True
Is 23090129287 a composite number?
True
Is 5808193 a composite number?
False
Is 8877237989 composite?
False
Is 20391012793 a composite number?
True
Is 8128299871 composite?
False
Is 151751404643 a prime number?
True
Is 709826786 a composite number?
True
Is 2607277021 composite?
True
Is 230389211 prime?
False
Is 452228011 a composite number?
True
Is 17384847383 a prime number?
True
Is 16855657529 a composite number?
False
Is 9515546923 a prime number?
False
Is 16598098339 a prime number?
False
Is 157687991 a prime number?
False
Is 3076401121 composite?
True
Is 236685989 a prime number?
False
Is 1496593453 composite?
True
Is 103007537 a prime number?
True
Is 183945621 composite?
True
Is 3596649151 composite?
True
Is 2417359831 prime?
True
Is 28845911 a composite number?
True
Is 34427661557 a composite number?
False
Is 231888287 a prime number?
False
Is 2431728953 a composite number?
True
Is 326338289 prime?
True
Is 1794473819 composite?
True
Is 10571107249 a prime number?
True
Is 279244117 composite?
True
Is 322339433971 prime?
True
Is 69954050863 a composite number?
False
Is 3774526477 prime?
False
Is 3996651779 prime?
True
Is 1053536997 prime?
False
Is 2088088259 a prime number?
False
Is 2473636127 a composite number?
True
Is 122404171 prime?
True
Is 2033760427 a prime number?
False
Is 1636846279 a prime number?
True
Is 17448127549 a prime number?
False
Is 71866273 a prime number?
False
Is 913156819 a prime number?
False
Is 29122616189 composite?
True
Is 6543282979 prime?
True
Is 2320613837 prime?
True
Is 23637173341 composite?
False
Is 155175497 a prime number?
True
Is 1529079799 composite?
True
Is 1071861359 composite?
True
Is 2284671541 a composite number?
False
Is 125382180866 composite?
True
Is 5943265639 a prime number?
False
Is 4493345762 a prime number?
False
Is 8775503681 composite?
True
Is 16303433 a composite number?
True
Is 12779195629 composite?
False
Is 2297407699 prime?
True
Is 17693128091 a prime number?
False
Is 298034640653 a composite number?
False
Is 11777051597 prime?
False
Is 70113231113 a composite number?
True
Is 277293769 a composite number?
False
Is 8012707177 composite?
True
Is 1534553407 prime?
True
Is 3385995793 composite?
False
Is 26732832803 a composite number?
False
Is 361792363 a composite number?
True
Is 55229884709 prime?
True
Is 30264571153 a composite number?
False
Is 335225131 composite?
True
Is 5699467853 composite?
True
Is 178405107 prime?
False
Is 58711856479 prime?
True
Is 750118991 a composite number?
True
Is 122654792401 a composite number?
False
Is 19518689149 a prime number?
False
Is 26012390603 a composite number?
True
Is 6755789591 prime?
True
Is 358245941 a composite number?
True
Is 1622105803 prime?
True
Is 339593723 composite?
True
Is 14234103727 prime?
False
Is 116974307363 a composite number?
True
Is 1342503917 composite?
False
Is 5290520311 a composite number?
False
Is 40088264795 prime?
False
Is 222407671261 a prime number?
True
Is 567034817 composite?
False
Is 1709196941 composite?
False
Is 5375739247 a composite number?
T